29576?
False
Is 8 a factor of 56518016?
True
Is 777 a factor of 1499287723?
False
Does 28 divide 2130159?
False
Does 15 divide 719537745?
True
Is 4527997 a multiple of 321?
False
Is 292 a factor of 492771024?
True
Is 79 a factor of 4024889750?
False
Is 33398885 a multiple of 58?
False
Is 67690080 a multiple of 288?
True
Does 31 divide 8673031?
False
Is 16601187 a multiple of 971?
True
Is 115302 a multiple of 5?
False
Does 822 divide 66685572?
True
Is 42456700 a multiple of 239?
False
Is 90290851 a multiple of 505?
False
Does 8053 divide 1226818179?
True
Is 62 a factor of 11179507?
False
Is 940979393 a multiple of 61?
False
Is 321 a factor of 19385527?
False
Is 687954506 a multiple of 43?
True
Is 88774225 a multiple of 25?
True
Does 213 divide 490407792?
True
Is 237 a factor of 472699423?
False
Is 6508 a factor of 1660167914?
False
Is 6 a factor of 107751064?
False
Does 8 divide 24370974?
False
Is 506 a factor of 87642788?
False
Is 165052496 a multiple of 16?
True
Is 12397 a multiple of 2?
False
Is 12685 a factor of 940326365?
True
Is 136555186 a multiple of 391?
True
Does 24 divide 19798056?
True
Is 1012 a factor of 260496896?
True
Is 73900729 a multiple of 12?
False
Is 696 a factor of 50921448?
True
Does 49 divide 94145856?
True
Is 94087917 a multiple of 5313?
True
Does 162 divide 2955933648?
True
Is 536744681 a multiple of 407?
True
Is 15 a factor of 4982161516?
False
Does 13 divide 35718020?
True
Does 1221 divide 71147670?
True
Is 567 a factor of 51400261?
False
Is 23336654 a multiple of 313?
True
Does 83 divide 18958279?
True
Is 3 a factor of 4989412?
False
Is 296268 a multiple of 21?
True
Is 1247 a factor of 138433211?
True
Does 58 divide 75190040?
True
Is 790 a factor of 728871610?
False
Is 51869860 a multiple of 98?
False
Is 260016378 a multiple of 58?
True
Is 16 a factor of 243712064?
True
Does 58 divide 35881713?
False
Is 1687896816 a multiple of 17?
True
Is 52 a factor of 549454724?
True
Is 14970098 a multiple of 26?
True
Is 3093995 a multiple of 1027?
False
Does 10 divide 84994917?
False
Is 188239818 a multiple of 809?
False
Is 33277079 a multiple of 410?
False
Is 1253254717 a multiple of 179?
True
Is 2272322048 a multiple of 1989?
False
Does 52 divide 104119652?
True
Is 61 a factor of 54995953?
True
Is 697 a factor of 39317770?
True
Is 274564200 a multiple of 450?
False
Is 26602429 a multiple of 156?
False
Is 11 a factor of 168946217?
True
Does 3898 divide 2658487?
False
Is 8 a factor of 26669695?
False
Is 606309470 a multiple of 815?
True
Is 147 a factor of 131061966?
True
Does 6 divide 1018686?
True
Is 7 a factor of 254542204?
True
Is 504 a factor of 625862160?
True
Is 53651037 a multiple of 121?
True
Does 1092 divide 79325064?
True
Does 643 divide 271026429?
True
Does 395 divide 28210772?
False
Is 223 a factor of 960633237?
False
Is 345887655 a multiple of 185?
True
Is 6737011 a multiple of 491?
True
Does 27 divide 284058333?
True
Does 16 divide 62515726?
False
Is 18532771 a multiple of 17?
True
Is 342690898 a multiple of 11?
True
Is 119 a factor of 521970414?
True
Is 4554681174 a multiple of 397?
False
Is 513398160 a multiple of 664?
True
Is 4 a factor of 169202060?
True
Does 1262 divide 70245963?
False
Does 1036 divide 2448360152?
True
Does 315 divide 254573865?
True
Is 152855846 a multiple of 13?
True
Is 2010264809 a multiple of 41?
True
Is 14507112 a multiple of 984?
True
Is 429 a factor of 1571288987?
False
Does 13 divide 38192180?
True
Is 45 a factor of 949894245?
True
Is 524 a factor of 30575161?
False
Does 9 divide 5965812?
True
Is 52 a factor of 6589533?
False
Does 51 divide 351449415?
True
Is 176619080 even?
True
Does 2096 divide 17891456?
True
Is 76010272 a multiple of 356?
True
Is 5867216844 a multiple of 2821?
False
Is 10 a factor of 344173570?
True
Does 1239 divide 3517794819?
True
Does 1107 divide 18973980?
True
Is 11739009 even?
False
Is 1978 a factor of 293163336?
True
Does 453 divide 96031017?
True
Is 69 a factor of 29092807?
False
Does 221 divide 6563832379?
True
Is 12 a factor of 1109340?
True
Does 156 divide 70713864?
True
Is 979417616 a multiple of 4831?
True
Is 73141839 a multiple of 3139?
True
Is 38009308 a multiple of 315?
False
Is 21 a factor of 36835142?
False
Is 804992235 a multiple of 47?
False
Is 43582750 a multiple of 147?
False
Is 587427880 a multiple of 746?
False
Is 265071240 a multiple of 56?
True
Is 1346 a factor of 410891447?
False
Does 64 divide 4947904?
True
Is 637 a factor of 1049906431?
False
Does 2629 divide 73485816?
False
Is 384560112 a multiple of 4?
True
Does 8397 divide 2329079296?
False
Is 19092350 a multiple of 50?
True
Does 12 divide 2687218883?
False
Is 1887727336 a multiple of 4213?
True
Does 1326 divide 42799302?
True
Is 24691484 a multiple of 162?
False
Is 2027462431 a multiple of 6?
False
Is 714371449 a multiple of 209?
False
Does 53 divide 93305764?
False
Is 141 a factor of 244454943?
True
Does 28 divide 1146236924?
True
Is 7220 a factor of 281240660?
True
Is 18 a factor of 687809196?
True
Is 41690775 a multiple of 25?
True
Does 6394 divide 99077218?
False
Is 74 a factor of 993861354?
False
Is 763072996 a multiple of 9488?
False
Is 540003846 a multiple of 547?
False
Does 13 divide 55618683?
False
Is 355 a factor of 46255435?
True
Is 3587949360 a multiple of 2280?
True
Is 4081605078 a multiple of 69?
False
Does 138 divide 224889847?
False
Is 25 a factor of 1391597373?
False
Is 857 a factor of 13726669?
False
Is 527 a factor of 118746581?
False
Is 127 a factor of 259889339?
False
Does 1075 divide 1091738825?
True
Does 1882 divide 288653632?
True
Is 31201020 a multiple of 970?
True
Does 312 divide 562861104?
True
Does 2190 divide 107993280?
True
Does 45 divide 3177183?
False
Does 698 divide 823427110?
True
Is 30142138 a multiple of 146?
True
Does 921 divide 8726525?
False
Is 1031996 a multiple of 14?
True
Is 66 a factor of 1275186?
True
Is 38151095 a multiple of 17?
False
Does 482 divide 147439944?
True
Does 72 divide 1473459192?
True
Is 293712272 a multiple of 982?
True
Is 1342763053 a multiple of 553?
False
Is 158654280 a multiple of 62?
True
Does 79 divide 336788313?
False
Is 28 a factor of 57775581?
False
Is 1544 a factor of 52384832?
True
Is 982027116 a multiple of 252?
True
Is 83 a factor of 80092083?
False
Is 545548877 a multiple of 11?
False
Does 18 divide 58529754?
True
Is 1352 a factor of 29739593?
False
Does 1405 divide 24787010?
True
Is 3168593 a multiple of 15?
False
Is 24 a factor of 29145827?
False
Does 194 divide 347556626?
True
Is 195 a factor of 301524503?
False
Is 959295109 a multiple of 5?
False
Is 2443 a factor of 873560611?
True
Is 2 a factor of 37645681?
False
Does 5529 divide 983614629?
True
Does 1995 divide 1043823745?
False
Is 8 a factor of 39446263?
False
Does 52 divide 146014960?
True
Does 22 divide 23075100?
False
Is 3942 a factor of 257073588?
True
Is 366 a factor of 42957420?
True
Is 102238559 a multiple of 59?
False
Is 3775797 a multiple of 1493?
True
Does 12 divide 2070934140?
True
Is 321102 a multiple of 9?
True
Does 6 divide 114330984?
True
Is 24 a factor of 229091211?
False
Is 5 a factor of 2364884357?
False
Does 266 divide 3147192?
False
Does 26 divide 54044362?
False
Is 109817139 a multiple of 1028?
False
Is 79701888 a multiple of 96?
True
Is 16 a factor of 7065440?
True
Does 535 divide 504274733?
False
Does 70 divide 426158110?
True
Is 1196 a factor of 305880704?
False
Is 55 a factor of 11472285?
True
Does 1776 divide 840907180?
False
Is 2835390 a multiple of 30?
True
Is 38195088 a multiple of 2386?
True
Is 1147 a factor of 83519952?
True
Does 209 divide 2464319?
True
Is 10631431 a multiple of 88?
False
Is 903 a factor of 10124436?
True
Is 14 a factor of 311292800?
True
Is 10 a factor of 62183600?
True
Is 68396322 a multiple of 882?
False
Is 13161990 a multiple of 15?
True
Does 994 divide 14490915?
False
Does 12 divide 473315784?
True
Is 110 a factor of 368072980?
True
Does 29 divide 2034495?
True
Is 401 a factor of 1491095118?
False
Is 926 a factor of 157875477?
False
Is 68399824 a multiple of 422?
False
Is 20 a factor of 2368220?
True
Is 5673848606 a multiple of 2637?
False
Does 128 divide 53274880?
True
Is 10369645 a multiple of 55?
True
Does 49 divide 3765534072?
False
Is 1531478806 a multiple of 754?
True
Does 10 divide 18882710